{"id":2,"date":"2014-02-13T11:20:02","date_gmt":"2014-02-13T11:20:02","guid":{"rendered":"http:\/\/blog.moxconsulting.it\/?page_id=2"},"modified":"2021-10-26T16:39:30","modified_gmt":"2021-10-26T16:39:30","slug":"sample-page","status":"publish","type":"page","link":"https:\/\/www.moxconsulting.it\/","title":{"rendered":"Chi siamo"},"content":{"rendered":"<p><!--:it--><\/p>\n<p align=\"justify\">Mox Consulting\u00a0\u00e8 una societ\u00e0 di servizi e consulenza per le aziende che nasce con l&#8217;obiettivo di affiancare realt\u00e0 aziendali in crescita per fornire consulenza e soluzioni in ambito ICT.<\/p>\n<p align=\"justify\">Crediamo che professionalit\u00e0, dinamicit\u00e0 e flessibilit\u00e0 siano le parole chiave per costruire una partnership credibile e di successo e per affrontare e risolvere le problematiche specifiche dei progetti dei nostri clienti, con costi adeguati e competitivi.<\/p>\n<p align=\"justify\">L&#8217;esperienza, la competenza e l&#8217;affidabilit\u00e0 delle persone che lavorano con noi sono il nostro migliore biglietto da visita e costituiscono il vero valore aggiunto di Mox Consulting.<\/p>\n<div align=\"justify\">Le diverse tipologie di azienda che incontriamo ci impegnano a trovare soluzioni diverse per esigenze diverse, consentendoci di crescere e di accrescere le nostre competenze nei vari ambiti dell&#8217;Information and Communication Technology.<\/div>\n<div align=\"justify\"><\/div>\n<div align=\"justify\">La nostra missione \u00e8 contribuire, attraverso scelte di tecnologia avanzata, alla creazione di valore per l&#8217;azienda. Affianchiamo il cliente dalla definizione dell&#8217;architettura sino alla realizzazione, allo sviluppo e al presidio dei sistemi e dei servizi. Le nostre competenze nascono dalla decennale esperienza dei soci e collaboratori, maturata presso grandi realt\u00e0 aziendali operanti nel settore ICT in ambito nazionale e internazionale.<\/div>\n<div align=\"justify\"><\/div>\n<div align=\"justify\">\n<p style=\"text-align: center;\"><strong>Mox Consulting srl<\/strong><\/p>\n<p style=\"text-align: center;\">Via G. Zuretti 50, 20125 Milano<\/p>\n<p style=\"text-align: center;\">PI 02819440120<\/p>\n<p style=\"text-align: center;\"><a href=\"mailto:info@moxconsulting.it\">info@moxconsulting.it<\/a><\/p>\n<\/div>\n<p><!--:--><\/p>\n","protected":false},"excerpt":{"rendered":"<p>Mox Consulting\u00a0\u00e8 una societ\u00e0 di servizi e consulenza per le aziende che nasce con l&#8217;obiettivo di affiancare realt\u00e0 aziendali in crescita per fornire consulenza e soluzioni in ambito ICT. Crediamo che professionalit\u00e0, dinamicit\u00e0 e flessibilit\u00e0 siano le parole chiave per costruire una partnership credibile e di successo e per affrontare e risolvere le problematiche specifiche [&hellip;]<\/p>\n","protected":false},"author":2,"featured_media":0,"parent":0,"menu_order":0,"comment_status":"open","ping_status":"closed","template":"","meta":{"footnotes":""},"class_list":["post-2","page","type-page","status-publish","czr-hentry"],"_links":{"self":[{"href":"https:\/\/www.moxconsulting.it\/index.php?rest_route=\/wp\/v2\/pages\/2","targetHints":{"allow":["GET"]}}],"collection":[{"href":"https:\/\/www.moxconsulting.it\/index.php?rest_route=\/wp\/v2\/pages"}],"about":[{"href":"https:\/\/www.moxconsulting.it\/index.php?rest_route=\/wp\/v2\/types\/page"}],"author":[{"embeddable":true,"href":"https:\/\/www.moxconsulting.it\/index.php?rest_route=\/wp\/v2\/users\/2"}],"replies":[{"embeddable":true,"href":"https:\/\/www.moxconsulting.it\/index.php?rest_route=%2Fwp%2Fv2%2Fcomments&post=2"}],"version-history":[{"count":9,"href":"https:\/\/www.moxconsulting.it\/index.php?rest_route=\/wp\/v2\/pages\/2\/revisions"}],"predecessor-version":[{"id":236,"href":"https:\/\/www.moxconsulting.it\/index.php?rest_route=\/wp\/v2\/pages\/2\/revisions\/236"}],"wp:attachment":[{"href":"https:\/\/www.moxconsulting.it\/index.php?rest_route=%2Fwp%2Fv2%2Fmedia&parent=2"}],"curies":[{"name":"wp","href":"https:\/\/api.w.org\/{rel}","templated":true}]}}